= v**3 + 4*v**2 - v - 2. Let y be l(-4). Let u be k(y). Let j(p) = p**2 - 7*p. Calculate j(u).
8
Let b(l) = -2*l - 4*l + 0*l + 9 - 42. Let v = 6415 + -6421. Determine b(v).
3
Let a(n) be the second derivative of -4*n**5/5 - n**3/6 - n**2/2 + n. Suppose -585*r + 132 - 717 = 0. What is a(r)?
16
Suppose -y + 21 = -5*s, 7 = -s + 9*y - 6*y. Let u be 0/2 - (-1 + -1). Let w(a) = -2 - a**u - 4*a + 1 - 2. Calculate w(s).
-3
Let q(m) be the third derivative of 39*m**2 + 0*m - 1/60*m**5 + 0 - 1/3*m**4 - 1/3*m**3. Calculate q(-9).
-11
Let w(x) = 15*x + x**2 + 17*x - 18*x - 12*x + 1. Let s = -21 - -15. Determine w(s).
25
Suppose -22 = -t - 10*t. Let o(l) = -l**2 + 6*l - 6. Let d be o(4). Let h(s) = 3*s**d + 2*s**2 - 4*s + 6*s - 6*s**t + 4. Determine h(-3).
-11
Let p be 2/(-9) + (-1763)/369 + -6. Let q(u) = u**2 + 11*u + 1. What is q(p)?
1
Let p(s) be the second derivative of -s**4/6 + s**3 + 3*s**2/2 - 13*s. Let t be p(3). Let y(d) = 1 + 5*d**t + 6*d**2 - 2*d + 0*d**2 - 6*d**2. Give y(1).
4
Let i(p) = -2*p**2 + 77*p - 186. Let l be i(36). Let w(f) = 2*f**3 + 14*f**2 + f - 3. Give w(l).
63
Let o(g) = g**2 - g + 1. Let t be o(-2). Let s(p) be the first derivative of p**3/3 - 4*p**2 + 7*p - 139728. Determine s(t).
0
Let m(x) = -6*x**2 + 2*x - 19. Let v(k) = 17*k**2 - 5*k + 50. Let h(f) = -8*m(f) - 3*v(f). Give h(3).
-28
Let o = -112 - -115. Let c(h) = h + 7 + 2*h + h - o*h. Determine c(-5).
2
Suppose 52*r = -137 + 137. Let t(w) = w**2 + 92. Calculate t(r).
92
Let c(i) be the third derivative of -19*i**2 + 1/144*i**6 + 0*i**5 + 0*i**3 - 2/3*i**4 + 0*i + 0. Let t(l) be the second derivative of c(l). Determine t(-1).
-5
Suppose 0 = p - 3, 2*u = -3*p - 3 + 220. Suppose 4*w + u = 4*k, -w + 128 = 5*k + 10. Let o(l) = 17*l - k*l - 5 + 11*l. Determine o(4).
11
Let t(w) = -6 + w - 9*w - 6 - w**3 + 11*w**2 - w. Let m(l) = 18*l - 188. Let u be m(11). Determine t(u).
-2
Let m(u) = -u**3 + 3*u**2 - 4*u + 14. Let d be m(3). Let l be (d - (30 - 6)/(-6)) + 0. Let z(c) = c**2 + 2*c + 7. What is z(l)?
55
Let t(y) = 1 - 1 - 1 + 4 + 2 + 20*y. Determine t(-2).
-35
Let v be (8/28)/((4/(-21))/4). Let j(i) = 13*i + 57. Calculate j(v).
-21
Let h(s) be the second derivative of 1/6*s**3 + 1/2*s**2 - 1/4*s**4 - 1 - s. What is h(2)?
-9
Let y(f) = -f**2 + 7*f + 13. Let u(x) = -4*x**2 + 3*x + 40. Let g be u(-5). Let l be g/(-9) - (3 - 22/6). Calculate y(l).
-5
Let a(v) be the first derivative of -v**4/4 + v**3/3 - 3*v**2/2 - 10*v - 5522. Suppose 0 = 2*x - 10, -2*x + 5*x - 15 = 5*f. Give a(f).
-10
Let i(y) = -y**2 + 13*y + 5. Let t be i(13). Suppose 6 + 14 = -t*p. Let g(u) be the second derivative of -7*u**3/6 - 2*u**2 - 2*u. What is g(p)?
24
Let b(j) = -72*j**2 - 48*j - 12. Let n(f) = -5*f**2 - 3*f. Let o(y) = b(y) - 15*n(y). Determine o(-2).
6
Let o be -1 - -19 - 328/164. Let d(v) = -7*v + 108. Give d(o).
-4
Let h(m) = m**3 - m**2 - 2. Let p be h(3). Let k(j) be the first derivative of -j**4/4 + 5*j**3 + 8*j**2 + 4*j + 13214. What is k(p)?
4
Suppose 15*g + 1071 = 1011. Let i(k) = -5*k + 2 + 4*k - 7. Give i(g).
-1
Suppose 0 = 3*c + 3*i - 9, 3*c + 3 = -4*i + 10. Suppose 56 + 34 = c*s. Suppose -p = -4*x + 22, -s = -3*x - x - p. Let w(o) = o - 6. Calculate w(x).
-1
Let i(h) be the second derivative of 0 - 1/720*h**6 + 0*h**3 - 7*h + 0*h**2 + 7/3*h**4 - 1/60*h**5. Let j(w) be the third derivative of i(w). What is j(-8)?
6
Let w(t) = -1129 - 5*t - t**2 + 35*t + 54*t - 38*t + 68*t. Give w(11).
4
Let o be 747/(-83) - (-3)/1. Let b(f) = -8 - f**2 + 2*f + 0*f**2 + 2*f**2. Calculate b(o).
16
Let i(m) be the third derivative of m**5/5 + m**4/8 - m**3/2 - 979*m**2. Give i(1).
12
Suppose r - 11 = 2*r. Let l(t) = 13*t**3 - 59*t**2 + 88*t - 58. Let n(a) = 5*a**3 - 22*a**2 + 33*a - 22. Let w(f) = 8*l(f) - 21*n(f). Calculate w(r).
-2
Suppose 3*f - 5*g = -2*g - 15, -4*g + 20 = 0. Let v(j) = -2*j**3 + 27*j**2 - 12*j + 10. Let t be v(13). Let c(z) = -z + 10 - 27 + t. Calculate c(f).
6
Let y(p) = -p**3 + 6*p**2 + 7*p - 6. Let a(i) = i**3 + 17*i**2 - 18*i + 22. Let d be a(-18). Let f = -11 + d. Suppose 13*q - 14 = f*q. Determine y(q).
-6
Let m(x) = x - 30. Let j(o) = 93*o + 192. Let n be j(-2). What is m(n)?
-24
Let y be 4482/(-9711) - (116/(-26) + -1). Let r(k) = -2*k**2 + 7*k + 21. Give r(y).
6
Let n(t) = -48 + 13*t**2 + 20*t**2 + 4*t - t**3 + 5 + 15*t**2 - 35*t**2. What is n(13)?
9
Let m(s) = 11*s**2 - 33*s + 57. Let r(u) = 14*u**2 - 39*u + 56. Let n(w) = -5*m(w) + 4*r(w). Give n(-14).
9
Let y(r) be the second derivative of 3/2*r**2 - 1 - r + 5/6*r**3. Give y(3).
18
Let b(l) = 28943 + 2*l**2 + 3*l + 10*l - 28915. Give b(-8).
52
Let g be (-27 + 28)/((-1)/2). Let k be 0/g + ((-3)/(-1) - 1). Let l(w) = 2*w**2 + 2 - 4*w**2 + w**2 - 3*w + 2*w**2. Determine l(k).
0
Let d(a) = a**2 - 5*a - 46. Let p be d(10). Suppose -1 = p*y - 5*f, 1 = -5*f + 6. Let h(b) = 6*b**2 + 3*b - 1. What is h(y)?
8
Let z(g) = 4*g + 3. Suppose -3886 = 5*x - 0*f - 4*f, -4*x = -5*f + 3116. Let h = x - -773. What is z(h)?
-1
Let v(i) = -2*i**2 + 640*i - 2536. Let s be v(4). Let m(r) = -r**3 - 12*r**2 - 23*r + 15. Determine m(s).
-57
Suppose -5*t - 3*s - 2*s - 50 = 0, 2*s - 5 = 3*t. Let v(u) = u**3 - 5*u**2 - 5*u + 5. Let p be v(6). Let h(b) = -p - 7*b - b + 3*b + 4*b. Determine h(t).
-6
Suppose -2*u - 57 = -5*h, 16*h - 100 = 7*h + u. Let c(v) = -v**3 + 12*v**2 - 10*v + 15. Give c(h).
26
Let r be (-33)/(-462) + 15/(-14). Let u(n) be the first derivative of 6*n**4 - n**3/3 - n**2/2 - n + 8. Give u(r).
-25
Let k(b) be the first derivative of -b**2 + 14*b + 263. Let s(d) = -2*d + 15. Suppose p - 4 + 0 = 0. Let u(v) = p*s(v) - 5*k(v). What is u(7)?
4
Let w(f) = f - 9199 + f**2 + 4603 + 4602 - 14*f. Let q = 11 + -1. Calculate w(q).
-24
Let j(v) = -47*v**3 + v**2 - 2*v - 2. Suppose 149 + 127 = -198*a - 78*a. What is j(a)?
48
Let q(z) be the second derivative of -z**5/20 + z**4/2 - z**3 - 5*z**2/2 + 613*z - 2. Give q(2).
-1
Let f be -1*(-2 - -3) - (-8)/8. Suppose f = -172*z + 171*z - 6. Let w(q) = q**3 + 6*q**2 - q - 1. Calculate w(z).
5
Let m(d) = -5*d**3 + 5*d**2 + 6*d + 10. Let c(h) = -2*h - 11. Let r be c(-8). Let y(o) = -4*o**3 + 4*o**2 + 5*o + 10. Let a(w) = r*m(w) - 6*y(w). Give a(0).
-10
Let m(h) be the second derivative of h**5/20 + h**4 + 4*h**3/3 + 13*h**2/2 + 18*h - 16. Determine m(-11).
46
Let r(k) = k**3 - 7*k**2 + 4*k + 7. Let h be r(6). Let l(f) = 7*f + 31. Let u be l(-4). Let p(n) = 0*n**u + n**3 + 6*n**2 - 5*n + 4 - 2*n**2 - 5. What is p(h)?
-1
Let n(k) be the first derivative of 10*k + 129 - 21 + k**2 + 30. What is n(-6)?
-2
Suppose 0 = 10*x - 5 - 25. Let z(o) = x*o - 16 + 10 + 7. Let f be z(-3). Let i(l) = l**3 + 8*l**2 - l - 7. What is i(f)?
1
Let n(y) be the first derivative of -20*y**2 + 3*y - 4320. Give n(0).
3
Let j(l) = 2*l**2 + 4*l. Let a be 4/2 - 4 - 1. Let i be j(a). Let u(n) = n**3 - 5*n**2 - 4*n - 7. Let b be u(i). Let h(s) = s**2 - 5*s - 6. Calculate h(b).
-6
Let v(n) = 41 - 17 - 6 - 9*n - 23 - 10. Calculate v(-5).
30
Let s(m) = 44 + m - 5*m + 52 - 153 + 52. Let b = 5 - 7. Determine s(b).
3
Let g(k) = -k - 4. Let p(s) = s**2 - 73*s - 730. Let j be p(-9). Calculate g(j).
-12
Let q(g) = -5*g**2 + 4*g + 3. Let y be q(0). Let u(r) = -424 - r**3 + r + 427 + 2*r**y - 8*r**2 + 7*r. Give u(7).
10
Suppose -11*i = -6*i - 490. Let q = -84 + i. Suppose -4*c - 4*o = -2*o - 14, -c + 3*o = -q. Let u(g) = 4*g + 6. Give u(c).
26
Let u(t) be the third derivative of -t**5/60 + 7*t**4/12 - 5*t**3 + t**2 - 18*t. Let x(y) = -y**2 + 14*y - 32. Let o(h) = -7*u(h) + 6*x(h). Calculate o(12).
-6
Let r(j) be the third derivative of 0*j + 1/3*j**3 + 16*j**2 - 1/12*j**4 + 0. What is r(2)?
-2
Let p(j) be the first derivative of 4*j - 35 + 7/3*j**3 + 11/2*j**2 + 1/4*j**4. Let g be p(-4). Let m(q) = -q**2 + 9*q - 5. Give m(g).
3
Let r be 2/(-2 + (-7)/(-3)). Let b = -127 - -148. Let m(d) = -9 - 29*d - b*d + 76*d - 25*d. What is m(r)?
-3
Suppose -3*p + 3 + 11 = s, -4*s + 26 = -3*p. Let u(g) = -g**3 + 9257*g**2 - 4637*g**2 - 15*g + 2*g**3 - 4626*g**2 - 7. Calculate u(s).
1
Let l(w) = -1133 - w**2 + 573 + 531 - 10*w. What is l(-5)?
-4
Let d(w) = 5*w**2 + 3*w + 3. Let a be 3*(-4)/4 - 1. Let p(o) = -o**3 - 6*o**2 - 4*o - 4. Let q(h) = a*d(h) - 3*p(h). What is q(2)?
16
Suppose 3*d - 65 + 53 = 0. Let a(l) be the first derivative of 0*l**2 - l**2 + d*l - 3